common factor of 56 and 9240?
56
What is the highest common factor of 60 and 570?
30
What is the greatest common factor of 704 and 24?
8
What is the highest common divisor of 494 and 38?
38
What is the greatest common divisor of 364 and 52?
52
What is the highest common factor of 155 and 5?
5
Calculate the highest common divisor of 84 and 36.
12
Calculate the highest common factor of 76 and 684.
76
What is the greatest common divisor of 24 and 87?
3
What is the greatest common divisor of 9110 and 20?
10
Calculate the highest common factor of 177 and 1180.
59
What is the highest common factor of 1302 and 70?
14
Calculate the highest common factor of 15 and 895.
5
What is the highest common factor of 286 and 1078?
22
Calculate the greatest common divisor of 2139 and 138.
69
What is the greatest common factor of 1085 and 70?
35
What is the greatest common factor of 117 and 36?
9
Calculate the greatest common factor of 7408 and 16.
16
What is the highest common factor of 28 and 140?
28
What is the highest common factor of 1780 and 70?
10
Calculate the greatest common factor of 13 and 13741.
13
Calculate the greatest common divisor of 28 and 116.
4
Calculate the highest common divisor of 189 and 9.
9
What is the greatest common factor of 117 and 9?
9
What is the highest common divisor of 194 and 2425?
97
Calculate the highest common divisor of 702 and 78.
78
What is the highest common divisor of 91278 and 18?
18
What is the highest common factor of 1275 and 275?
25
What is the highest common divisor of 225 and 1305?
45
Calculate the highest common divisor of 784 and 16.
16
Calculate the greatest common divisor of 2006 and 34.
34
What is the highest common divisor of 12312 and 38?
38
Calculate the highest common divisor of 896 and 700.
28
What is the highest common divisor of 68 and 221?
17
What is the highest common divisor of 20 and 15220?
20
Calculate the highest common factor of 402 and 54.
6
Calculate the highest common factor of 268 and 17956.
268
Calculate the greatest common divisor of 9 and 99.
9
What is the highest common divisor of 18240 and 152?
152
What is the highest common factor of 205 and 451?
41
Calculate the greatest common factor of 413 and 7.
7
What is the greatest common factor of 966 and 42?
42
What is the highest common factor of 25 and 3025?
25
Calculate the highest common divisor of 133166 and 22.
22
Calculate the greatest common factor of 14 and 70.
14
Calculate the highest common factor of 20 and 1070.
10
What is the greatest common divisor of 14 and 203?
7
Calculate the greatest common factor of 72 and 225.
9
Calculate the highest common divisor of 1617 and 882.
147
Calculate the highest common divisor of 369 and 9.
9
What is the highest common factor of 2340 and 120?
60
What is the highest common factor of 13505 and 185?
185
What is the greatest common divisor of 137 and 40826?
137
Calculate the greatest common factor of 17 and 1139.
17
What is the greatest common divisor of 356 and 128?
4
Calculate the highest common divisor of 4395 and 210.
15
Calculate the highest common factor of 19845 and 162.
81
What is the greatest common divisor of 3846 and 30?
6
What is the highest common factor of 138 and 1344?
6
What is the highest common divisor of 28 and 1988?
28
Calculate the highest common divisor of 1060 and 6.
2
Calculate the greatest common divisor of 33 and 102.
3
Calculate the highest common divisor of 22 and 57486.
22
What is the highest common divisor of 6408 and 27?
9
What is the greatest common factor of 38 and 3838?
38
What is the highest common factor of 1020 and 3655?
85
What is the greatest common factor of 306 and 1190?
34
Calculate the highest common divisor of 685 and 55.
5
What is the highest common factor of 222 and 814?
74
What is the highest common factor of 873 and 26772?
291
What is the greatest common divisor of 571 and 1?
1
Calculate the highest common divisor of 20 and 268.
4
What is the highest common factor of 1392 and 435?
87
What is the greatest common divisor of 512 and 704?
64
What is the highest common factor of 464 and 174?
58
What is the highest common divisor of 5456 and 1240?
248
Calculate the highest common divisor of 10 and 14.
2
Calculate the highest common divisor of 2 and 206.
2
What is the greatest common factor of 8 and 5144?
8
What is the greatest common factor of 190 and 1805?
95
What is the greatest common factor of 58 and 78938?
58
Calculate the greatest common factor of 656 and 2096.
16
Calculate the greatest common divisor of 459 and 2941.
17
Calculate the greatest common factor of 598 and 2645.
23
What is the highest common factor of 264 and 1408?
88
What is the greatest common factor of 64 and 376?
8
What is the greatest common divisor of 456 and 360?
24
What is the greatest common divisor of 24 and 5040?
24
Calculate the greatest common divisor of 89 and 356.
89
What is the greatest common factor of 2 and 202?
2
Calculate the greatest common factor of 3692 and 52.
52
What is the highest common factor of 11 and 33?
11
Calculate the highest common factor of 64 and 320.
64
What is the greatest common factor of 2 and 3836?
2
What is the greatest common factor of 50 and 60?
10
Calculate the highest common factor of 38 and 76.
38
Calculate the highest common divisor of 4 and 49.
1
Calculate the highest common divisor of 452 and 12.
4
Calculate the highest common divisor of 504 and 14.
14
What is the greatest common divisor of 1634 and 1978?
86
What is the greatest common factor of 16 and 7024?
16
What is the highest common factor of 77 and 2618?
77
What is the greatest common divisor of 252 and 112?
28
What is the greatest common factor of 12680 and 10?
10
Calculate the greatest common factor of 6682 and 1285.
257
What is the greatest common divisor of 30 and 120?
30
What is the greatest common divisor of 34 and 782?
34
Calculate the greatest common divisor of 627 and 57.
57
What is the highest common factor of 128 and 72?
8
Calculate the greatest common divisor of 69 and 851.
23
Calculate the highest common factor of 25 and 2575.
25
Calculate the greatest common divisor of 312 and 5592.
24
Calculate the highest common divisor of 50 and 39050.
50
Calculate the greatest common divisor of 23267 and 53.
53
What is the highest common factor of 156 and 17628?
156
Calculate the highest common divisor of 154 and 847.
77
Calculate the highest common factor of 12 and 4620.
12
Calculate the greatest common divisor of 126 and 189.
63
Calculate the highest common factor of 198 and 72.
18
Calculate the highest common factor of 23 and 253.
23
What is the greatest common divisor of 12792 and 416?
104
What is the greatest common divisor of 1480 and 74?
74
Calculate the greatest common divisor of 39 and 33.
3
Calculate the highest common factor of 345 and 483.
69
What is the greatest common divisor of 44 and 22?
22
Calculate the highest common divisor of 5 and 16.
1
Calculate the greatest common divisor of 485 and 194.
97
What is the greatest common factor of 48 and 216?
24
Calculate the highest common factor of 11 and 11429.
11
What is the highest common factor of 1325 and 15?
5
Calculate the greatest common divisor of 20 and 310.
10
What is the greatest common divisor of 18 and 60?
6
What is the greatest common divisor of 14 and 4718?
14
What is the highest common factor of 210 and 3010?
70
What is the highest common divisor of 2714 and 46?
46
Calculate the greatest common divisor of 361 and 1539.
19
What is the highest common divisor of 595 and 952?
119
Calculate the greatest common factor of 90 and 1035.
45
What is the greatest common divisor of 40 and 15?
5
Calculate the highest common divisor of 437 and 69.
23
Calculate the greatest common factor of 2205 and 5635.
245
Calculate the greatest common divisor of 598 and 78.
26
Calculate the highest common factor of 17832 and 24.
24
Calculate the highest common factor of 12428 and 260.
52
What is the highest common factor of 24 and 1362?
6
What is the highest common factor of 5312 and 1411?
83
Calculate the highest common factor of 382 and 66659.
191
Calculate the greatest common factor of 852 and 12.
12
Calculate the highest common divisor of 154 and 66.
22
What is the greatest common factor of 13 and 19?
1
Calculate the greatest common